{"id":12,"date":"2016-07-18T15:42:18","date_gmt":"2016-07-18T13:42:18","guid":{"rendered":"http:\/\/restauratoren-konstanz.de\/\/udo-storz\/?page_id=15"},"modified":"2016-08-12T10:12:11","modified_gmt":"2016-08-12T08:12:11","slug":"referenzen","status":"publish","type":"page","link":"https:\/\/restauratoren-konstanz.de\/udo-storz\/referenzen\/","title":{"rendered":"Referenzen"},"content":{"rendered":"<h3><span style=\"color: #993300;\">WANDMALEREI<\/span><\/h3>\n<p>&nbsp;<\/p>\n<h1>Kaiser- und Mariendom zu Speyer<\/h1>\n<p>Konservierung und Restaurierung der Schraudolph-Fresken im Auftrag des Dombauamts Speyer<\/p>\n<h1>Torschlosskapelle, Tettnang<\/h1>\n<p>Untersuchung und Erstellung einer Probeachse zur Restaurierung der Wandmalerei aus dem 16.Jh. in Zusammenarbeit mit dem Stadtbauamt Tettnang und des Denkmalamts T\u00fcbingen<\/p>\n<h1>Stadtapotheke, \u00dcberlingen<\/h1>\n<p>Freilegung und Restaurierung einer Fachwerkwand mit ausgemalten Gefachen in der Stadtapotheke <\/p>\n<h1>Friedhofskapelle, Nusplingen<\/h1>\n<p>Freilegung und Restaurierung von Wandmalerei aus dem 17. Jh. an der Nordwand der Kapelle in Zusammenarbeit mit dem Landesdenkmalamt Stuttgart <\/p>\n<h1>Stadttheater Konstanz<\/h1>\n<p>Konservierung des Reliefs an der Fassade des ehemaligen Jesuitenkollegs im Auftrag der Stadt Konstanz<\/p>\n<h1>Rathaus Konstanz<\/h1>\n<p>Konservierung und Restaurierung von 5 Supraporten in der Vorhalle des 1. OG<\/p>\n<h1>Bodanplatz, Konstanz<\/h1>\n<p>Konservierung und Restaurierung von Wandmalerei aus dem 20. Jh. <\/p>\n<h1>Rathaus Konstanz<\/h1>\n<p>Untersuchung und Schadenskartierung an den historistischen Wandmalereien der Fassade<br \/>\nRestaurierung eines Teils der Wandmalerei nach einer Paintballattacke<\/p>\n<h1>Villa Prym, Konstanz<\/h1>\n<p>Konservierungs- bzw. Restaurierung  der Wandmalereien in \u00d6ltechnik<\/p>\n<hr class=\"wide\" \/>\n<h3><span style=\"color: #993300;\">STUCK UND WANDFASSUNGEN<\/span><\/h3>\n<p>&nbsp;<\/p>\n<h1>Seestra\u00dfe 11, Konstanz<\/h1>\n<p>Untersuchung, Freilegung, Konservierung und Restaurierung von bemalten Stuckdecken und einer gemalten Kassettendecke<br \/>\nFreilegung , Restaurierung der Malerei im Treppenhaus mit malerischer Rekonstruktion des verlorenen Stucks im Haus in Zusammenarbeit mit der Denkmalbeh\u00f6rde der Stadt Konstanz<\/p>\n<h1>Pfarrkirche St. Anna, Sigmaringen \u2013 Jungnau<\/h1>\n<p>Konservierung und Restaurierung der Langhausdecke in Zusammenarbeit mit dem Erzbisch\u00f6flichen Bauamt, Konstanz<\/p>\n<h1>Conrad Gr\u00f6ber Stra\u00dfe, Konstanz<\/h1>\n<p>Freilegung und Restaurierung von Deckenmalerei aus dem 19.Jh.<\/p>\n<h1>Konservierung und Restaurierung der Seitenschiffe in der Pfarrkirche Maria Himmelfahrt in Engen \/Hegau<\/h1>\n<p>in Zusammenarbeit mit dem Erzbisch\u00f6flichen Bauamt, Konstanz<\/p>\n<hr class=\"wide\" \/>\n<h3><span style=\"color: #993300;\">BAU- UND BEFUNDUNTERSUCHUNG<\/span><\/h3>\n<p>&nbsp;<\/p>\n<h1>Alten- und Pflegeheim St. Franziskus, \u00dcberlingen<\/h1>\n<p>Bau- und Befunduntersuchung in den gesamten R\u00e4umen des ehemaligen Franziskanerklosters und Erstellung eines Raumbuchs<\/p>\n<h1>Bau- und Befunduntersuchungen<\/h1>\n<p>in verschiedenen Geb\u00e4uden der Stadt Konstanz, sowie Erstellung von Farbkonzepten f\u00fcr Fassaden in Zusammenarbeit mit der Denkmalbeh\u00f6rde der Stadt Konstanz<\/p>\n<h1>F\u00f6rderverein Autof\u00e4hre Konstanz ex Meersburg<\/h1>\n<p>Befunduntersuchungen im Vorfeld der Restaurierung der historischen F\u00e4hre<\/p>\n<h1>Bauuntersuchung und Befunddokumentation<\/h1>\n<p>von zwei mittelalterlichen B\u00fcrgerh\u00e4usern in Biberach an der Riss in Zusammenarbeit mit dem B\u00fcro f\u00fcr historische Bauforschung Dr. Ing. Stefan Uhl<\/p>\n<h1>Villa Prym, Konstanz<\/h1>\n<p>Befunduntersuchung in den gesamten R\u00e4umen und Erstellung eines Konservierungs- bzw. Restaurierungskonzepts<\/p>\n<h1>Badehaus Rosenau, Konstanz<\/h1>\n<p>Befunduntersuchung des Geb\u00e4udes von 1871 und Erstellung eines Konservierungs- bzw. Restaurierungskonzepts<\/p>\n<hr class=\"wide\" \/>\n<h3><span style=\"color: #993300;\">GEM\u00c4LDE<\/span><\/h3>\n<p>&nbsp;<\/p>\n<h1>Sch\u00fctzenverein Bregenz, Vorarlberg<\/h1>\n<p>Restaurierung von bemalten Sch\u00fctzenscheiben<\/p>\n<h1>Kirchdorf an der Iller Kirche St. Blasius<\/h1>\n<p>Restaurierung von Altarbl\u00e4ttern, Vortragefahnen, beidseitig bemalt<\/p>\n<h1>Pfarrkirche St. Ulrich, M\u00f6ggers, Vorarlberg<\/h1>\n<p>Restaurierung s\u00e4mtlicher Altarbl\u00e4tter<\/p>\n<h1>Diverse Gem\u00e4lde aus Privatbesitz<\/h1>\n<hr class=\"wide\" \/>\n<h3><span style=\"color: #993300;\">AUSSTATTUNG UND SKULPTUREN<\/span><\/h3>\n<p>&nbsp;<\/p>\n<h1>Laurentiuskirche Bludenz, Vorarlberg<\/h1>\n<p>Konservierung und Restaurierung der Skulpturen und vergoldeten Altarteilen im Auftrag der Kirchengemeinde in Zusammenarbeit mit dem Bundesdenkmalamt\/Landeskonservatorat Bregenz und dem Di\u00f6zesanbauamt Feldkirch<\/p>\n<h1>St. Blasius, Kirchdorf an der Iller<\/h1>\n<p>Konservierung und Restaurierung der kompletten Ausstattung im Auftrag des F\u00f6rdervereins St. Blasius in Zusammenarbeit mit dem Referat Denkmalpflege des Regierungspr\u00e4sidiums T\u00fcbingen<\/p>\n<h1>Sigismundstra\u00dfe, Konstanz<\/h1>\n<p>Freilegung und Restaurierung einer Kassettendecke mit Intarsien in Zusammenarbeit mit der Unteren Denkmalbeh\u00f6rde der Stadt Konstanz und dem Regierungspr\u00e4sidium Freiburg<\/p>\n<h1>Basilika Rankweil, Vorarlberg<\/h1>\n<p>Konservierung und Restaurierung des komplett vergoldeten Gnadenaltars im Auftrag der Kirchengemeinde in Zusammenarbeit mit dem Bundesdenkmalamt\/Landeskonservatorat, Bregenz und dem Di\u00f6zesanbauamt<\/p>\n<h1>Pfarrkirche St. Ulrich, M\u00f6ggers, Vorarlberg<\/h1>\n<p>Freilegung und Restaurierung der originalen Marmorierung der drei Alt\u00e4re und der Kanzel sowie farbliche Erg\u00e4nzung neuer Bauteile. Des Weiteren Konservierung und Restaurierung der Skulpturen und Gem\u00e4lde. S\u00e4mtliche Ausstattungsgegenst\u00e4nde wurden abgebaut und nach der erfolgten Restaurierung im Atelier wieder vor Ort installiert. Auftrag der Kirchengemeinde in Zusammenarbeit mit dem Bundesdenkmalamt\/Landeskonservatorat, Bregenz und dem Di\u00f6zesanbauamt Feldkirch<\/p>\n<h1>Konservierung und Restaurierung diverser Skulpturen aus Privatbesitz<\/h1>\n<hr class=\"wide\" \/>\n<h3><span style=\"color: #993300;\">KONSERVIERUNG UND RESTAURIERUNG DIVERSER SKULPTUREN AUS PRIVATBESITZ<\/span><\/h3>\n<hr class=\"wide\" \/>\n<h3><span style=\"color: #993300;\">VER\u00d6FFENTLICHUNGEN<\/span><\/h3>\n<p>&nbsp;<br \/>\n<br \/>\nNachrichtenblatt der Landesdenkmalpflege Baden \u2013 W\u00fcrttemberg 4 &#8211; 2004<br \/>\nSeite 254, Ortstermin: Memento mori: Ein Wandmalereifund im ehemaligen Franziskanerkloster in \u00dcberlingen. Udo Storz, Volker Caesar<\/p>\n","protected":false},"excerpt":{"rendered":"<p>WANDMALEREI &nbsp; Kaiser- und Mariendom zu Speyer Konservierung und Restaurierung der Schraudolph-Fresken im Auftrag des Dombauamts Speyer Torschlosskapelle, Tettnang Untersuchung und Erstellung einer Probeachse zur Restaurierung der Wandmalerei aus dem 16.Jh. in Zusammenarbeit mit dem Stadtbauamt Tettnang und des Denkmalamts T\u00fcbingen Stadtapotheke, \u00dcberlingen Freilegung und Restaurierung einer Fachwerkwand mit ausgemalten Gefachen in der Stadtapotheke Friedhofskapelle, [&hellip;]<\/p>\n","protected":false},"author":3,"featured_media":0,"parent":0,"menu_order":0,"comment_status":"closed","ping_status":"closed","template":"layout5_only_text.php","meta":{"_acf_changed":false,"footnotes":""},"class_list":["post-12","page","type-page","status-publish","hentry"],"acf":[],"_links":{"self":[{"href":"https:\/\/restauratoren-konstanz.de\/udo-storz\/wp-json\/wp\/v2\/pages\/12","targetHints":{"allow":["GET"]}}],"collection":[{"href":"https:\/\/restauratoren-konstanz.de\/udo-storz\/wp-json\/wp\/v2\/pages"}],"about":[{"href":"https:\/\/restauratoren-konstanz.de\/udo-storz\/wp-json\/wp\/v2\/types\/page"}],"author":[{"embeddable":true,"href":"https:\/\/restauratoren-konstanz.de\/udo-storz\/wp-json\/wp\/v2\/users\/3"}],"replies":[{"embeddable":true,"href":"https:\/\/restauratoren-konstanz.de\/udo-storz\/wp-json\/wp\/v2\/comments?post=12"}],"version-history":[{"count":3,"href":"https:\/\/restauratoren-konstanz.de\/udo-storz\/wp-json\/wp\/v2\/pages\/12\/revisions"}],"predecessor-version":[{"id":137,"href":"https:\/\/restauratoren-konstanz.de\/udo-storz\/wp-json\/wp\/v2\/pages\/12\/revisions\/137"}],"wp:attachment":[{"href":"https:\/\/restauratoren-konstanz.de\/udo-storz\/wp-json\/wp\/v2\/media?parent=12"}],"curies":[{"name":"wp","href":"https:\/\/api.w.org\/{rel}","templated":true}]}}

<h3><span style="color: #993300;">WANDMALEREI</span></h3>
<p>&nbsp;</p>
<h1>Kaiser- und Mariendom zu Speyer</h1>
<p>Konservierung und Restaurierung der Schraudolph-Fresken im Auftrag des Dombauamts Speyer</p>
<h1>Torschlosskapelle, Tettnang</h1>
<p>Untersuchung und Erstellung einer Probeachse zur Restaurierung der Wandmalerei aus dem 16.Jh. in Zusammenarbeit mit dem Stadtbauamt Tettnang und des Denkmalamts Tübingen</p>
<h1>Stadtapotheke, Überlingen</h1>
<p>Freilegung und Restaurierung einer Fachwerkwand mit ausgemalten Gefachen in der Stadtapotheke </p>
<h1>Friedhofskapelle, Nusplingen</h1>
<p>Freilegung und Restaurierung von Wandmalerei aus dem 17. Jh. an der Nordwand der Kapelle in Zusammenarbeit mit dem Landesdenkmalamt Stuttgart </p>
<h1>Stadttheater Konstanz</h1>
<p>Konservierung des Reliefs an der Fassade des ehemaligen Jesuitenkollegs im Auftrag der Stadt Konstanz</p>
<h1>Rathaus Konstanz</h1>
<p>Konservierung und Restaurierung von 5 Supraporten in der Vorhalle des 1. OG</p>
<h1>Bodanplatz, Konstanz</h1>
<p>Konservierung und Restaurierung von Wandmalerei aus dem 20. Jh. </p>
<h1>Rathaus Konstanz</h1>
<p>Untersuchung und Schadenskartierung an den historistischen Wandmalereien der Fassade<br />
Restaurierung eines Teils der Wandmalerei nach einer Paintballattacke</p>
<h1>Villa Prym, Konstanz</h1>
<p>Konservierungs- bzw. Restaurierung  der Wandmalereien in Öltechnik</p>
<hr class="wide" />
<h3><span style="color: #993300;">STUCK UND WANDFASSUNGEN</span></h3>
<p>&nbsp;</p>
<h1>Seestraße 11, Konstanz</h1>
<p>Untersuchung, Freilegung, Konservierung und Restaurierung von bemalten Stuckdecken und einer gemalten Kassettendecke<br />
Freilegung , Restaurierung der Malerei im Treppenhaus mit malerischer Rekonstruktion des verlorenen Stucks im Haus in Zusammenarbeit mit der Denkmalbehörde der Stadt Konstanz</p>
<h1>Pfarrkirche St. Anna, Sigmaringen – Jungnau</h1>
<p>Konservierung und Restaurierung der Langhausdecke in Zusammenarbeit mit dem Erzbischöflichen Bauamt, Konstanz</p>
<h1>Conrad Gröber Straße, Konstanz</h1>
<p>Freilegung und Restaurierung von Deckenmalerei aus dem 19.Jh.</p>
<h1>Konservierung und Restaurierung der Seitenschiffe in der Pfarrkirche Maria Himmelfahrt in Engen /Hegau</h1>
<p>in Zusammenarbeit mit dem Erzbischöflichen Bauamt, Konstanz</p>
<hr class="wide" />
<h3><span style="color: #993300;">BAU- UND BEFUNDUNTERSUCHUNG</span></h3>
<p>&nbsp;</p>
<h1>Alten- und Pflegeheim St. Franziskus, Überlingen</h1>
<p>Bau- und Befunduntersuchung in den gesamten Räumen des ehemaligen Franziskanerklosters und Erstellung eines Raumbuchs</p>
<h1>Bau- und Befunduntersuchungen</h1>
<p>in verschiedenen Gebäuden der Stadt Konstanz, sowie Erstellung von Farbkonzepten für Fassaden in Zusammenarbeit mit der Denkmalbehörde der Stadt Konstanz</p>
<h1>Förderverein Autofähre Konstanz ex Meersburg</h1>
<p>Befunduntersuchungen im Vorfeld der Restaurierung der historischen Fähre</p>
<h1>Bauuntersuchung und Befunddokumentation</h1>
<p>von zwei mittelalterlichen Bürgerhäusern in Biberach an der Riss in Zusammenarbeit mit dem Büro für historische Bauforschung Dr. Ing. Stefan Uhl</p>
<h1>Villa Prym, Konstanz</h1>
<p>Befunduntersuchung in den gesamten Räumen und Erstellung eines Konservierungs- bzw. Restaurierungskonzepts</p>
<h1>Badehaus Rosenau, Konstanz</h1>
<p>Befunduntersuchung des Gebäudes von 1871 und Erstellung eines Konservierungs- bzw. Restaurierungskonzepts</p>
<hr class="wide" />
<h3><span style="color: #993300;">GEMÄLDE</span></h3>
<p>&nbsp;</p>
<h1>Schützenverein Bregenz, Vorarlberg</h1>
<p>Restaurierung von bemalten Schützenscheiben</p>
<h1>Kirchdorf an der Iller Kirche St. Blasius</h1>
<p>Restaurierung von Altarblättern, Vortragefahnen, beidseitig bemalt</p>
<h1>Pfarrkirche St. Ulrich, Möggers, Vorarlberg</h1>
<p>Restaurierung sämtlicher Altarblätter</p>
<h1>Diverse Gemälde aus Privatbesitz</h1>
<hr class="wide" />
<h3><span style="color: #993300;">AUSSTATTUNG UND SKULPTUREN</span></h3>
<p>&nbsp;</p>
<h1>Laurentiuskirche Bludenz, Vorarlberg</h1>
<p>Konservierung und Restaurierung der Skulpturen und vergoldeten Altarteilen im Auftrag der Kirchengemeinde in Zusammenarbeit mit dem Bundesdenkmalamt/Landeskonservatorat Bregenz und dem Diözesanbauamt Feldkirch</p>
<h1>St. Blasius, Kirchdorf an der Iller</h1>
<p>Konservierung und Restaurierung der kompletten Ausstattung im Auftrag des Fördervereins St. Blasius in Zusammenarbeit mit dem Referat Denkmalpflege des Regierungspräsidiums Tübingen</p>
<h1>Sigismundstraße, Konstanz</h1>
<p>Freilegung und Restaurierung einer Kassettendecke mit Intarsien in Zusammenarbeit mit der Unteren Denkmalbehörde der Stadt Konstanz und dem Regierungspräsidium Freiburg</p>
<h1>Basilika Rankweil, Vorarlberg</h1>
<p>Konservierung und Restaurierung des komplett vergoldeten Gnadenaltars im Auftrag der Kirchengemeinde in Zusammenarbeit mit dem Bundesdenkmalamt/Landeskonservatorat, Bregenz und dem Diözesanbauamt</p>
<h1>Pfarrkirche St. Ulrich, Möggers, Vorarlberg</h1>
<p>Freilegung und Restaurierung der originalen Marmorierung der drei Altäre und der Kanzel sowie farbliche Ergänzung neuer Bauteile. Des Weiteren Konservierung und Restaurierung der Skulpturen und Gemälde. Sämtliche Ausstattungsgegenstände wurden abgebaut und nach der erfolgten Restaurierung im Atelier wieder vor Ort installiert. Auftrag der Kirchengemeinde in Zusammenarbeit mit dem Bundesdenkmalamt/Landeskonservatorat, Bregenz und dem Diözesanbauamt Feldkirch</p>
<h1>Konservierung und Restaurierung diverser Skulpturen aus Privatbesitz</h1>
<hr class="wide" />
<h3><span style="color: #993300;">KONSERVIERUNG UND RESTAURIERUNG DIVERSER SKULPTUREN AUS PRIVATBESITZ</span></h3>
<hr class="wide" />
<h3><span style="color: #993300;">VERÖFFENTLICHUNGEN</span></h3>
<p>&nbsp;<br />
<br />
Nachrichtenblatt der Landesdenkmalpflege Baden – Württemberg 4 &#8211; 2004<br />
Seite 254, Ortstermin: Memento mori: Ein Wandmalereifund im ehemaligen Franziskanerkloster in Überlingen. Udo Storz, Volker Caesar</p>

<p>WANDMALEREI &nbsp; Kaiser- und Mariendom zu Speyer Konservierung und Restaurierung der Schraudolph-Fresken im Auftrag des Dombauamts Speyer Torschlosskapelle, Tettnang Untersuchung und Erstellung einer Probeachse zur Restaurierung der Wandmalerei aus dem 16.Jh. in Zusammenarbeit mit dem Stadtbauamt Tettnang und des Denkmalamts Tübingen Stadtapotheke, Überlingen Freilegung und Restaurierung einer Fachwerkwand mit ausgemalten Gefachen in der Stadtapotheke Friedhofskapelle, [&hellip;]</p>
